Let m be j(r). Suppose -s + 1561 = m*i, i = 5*s - 7439 - 377. Is s a prime number?
False
Let a(w) = -327*w**3 + 10*w**2 + 111*w - 3. Is a(-10) a composite number?
True
Let g = -78483 - -144905. Is g prime?
False
Suppose -7*j + 40 = -17*j. Let m be (-13)/j - 15/(-20). Let p(s) = 128*s + 7. Is p(m) composite?
True
Let a be (-1 + -1)/4*(20 - 18). Is (2*a)/((-44)/38566) a prime number?
True
Let s(l) = 90*l**2 - 27*l + 1. Let k be s(5). Let z = 517 + k. Is z composite?
False
Let h(m) = -m**3 - 2*m**2 + 3*m - 5. Let u be h(-4). Suppose 0 = -5*t + 5 - u. Let v(y) = -62*y - 6. Is v(t) a composite number?
True
Let z(c) be the second derivative of -15/2*c**2 + 0 + 5*c + 22*c**3. Is z(3) prime?
False
Suppose 71 = 12*p + 59. Is (((-2199)/1)/(-3))/p a prime number?
True
Let f(x) = 24*x + 98. Let k be f(-7). Is (60/k)/6 + 40286/7 a prime number?
False
Suppose 11640 + 7590 = 3*t. Suppose t = 2*q - 0*q. Is q a composite number?
True
Suppose 0 = -2*t + d + 14780, -3*t = -8*d + 10*d - 22177. Is t a prime number?
False
Suppose -12*g + 9*g = -4*z - 25412, 2*g - 16934 = -z. Let u = g - 4806. Is u prime?
False
Suppose -1036*b = -990*b - 1036058. Is b composite?
True
Suppose -7*b + 670462 + 147621 = 0. Is b composite?
True
Suppose 5797*i + 4535324 = 5889*i. Is i a prime number?
True
Let i(j) = 15049*j - 55. Is i(12) prime?
True
Let l = 79557 + -48178. Is l a composite number?
False
Suppose 27 = 5*w + 4*j - 23, -4*w - 1 = -5*j. Let i = w + 199. Is i prime?
False
Is (705918/90*-5)/(3 + (-30)/9) composite?
True
Is (-67682215)/(-645) + (-32)/(-6) prime?
False
Let u = -28001 - -39433. Is (-12)/(-18) + u/6 composite?
True
Suppose 5*j - 11*c = -16*c + 463955, -j + 92799 = -3*c. Is j a composite number?
True
Suppose 0*u = u - 2*i + 2, 3 = 4*u + 3*i. Suppose u = -k - 3*c + 5, 4*c - 10 = -2*k + 2*c. Suppose -5*r - k*f = -9885, r - 2598 = 5*f - 609. Is r composite?
False
Let g(t) = -t**3 - 33*t**2 + 20*t + 195. Let x be 6/63 - (-3536)/(-84). Is g(x) prime?
False
Suppose 2*y + 10 = 3*y - q, q = -2*y + 17. Let u(r) = 63*r**2 + 6*r + 8. Let f(b) = -127*b**2 - 13*b - 15. Let k(w) = y*u(w) + 4*f(w). Is k(-5) prime?
False
Suppose -c = -2*b + 133206, 9*b = 4*b - 5*c + 333000. Is b prime?
False
Is 10/10 + 3 - -148794 - 5 a composite number?
False
Let t = -348 + 358. Suppose 62947 = 29*s - t*s. Is s composite?
False
Let k(l) = -385*l + 3. Let r(u) = 2*u - 18. Let v be r(10). Suppose -2*a - 14 = v*f, 3*f + 3*a + a = -24. Is k(f) prime?
True
Let n(d) = -4*d**3 + 11*d**2 - 19*d + 37. Let s be n(-15). Let z = s + -11436. Is z composite?
False
Let b(d) = 225*d + 17. Let t = 4 - -6. Is b(t) prime?
True
Suppose 3*k = -2*t + 1317009, 5*t - k - 658512 = 4*t. Is t composite?
True
Let b = 311 - 309. Suppose 31403 = b*q + 3901. Is q a composite number?
False
Suppose 3*z + 10 = 72*c - 67*c, -2*c + 4*z + 4 = 0. Is 445698/(-36)*(-3 - (c - 3)) prime?
False
Let a = 8151 + -4737. Let z = a + -1567. Is z a prime number?
True
Let z(k) = 14*k**2 + 13*k + 26. Suppose 20 = 3*n + n + 4*y, 4*n + 7 = 5*y. Suppose 0 = -2*m + 3*v + 42, n*v = -m - 3*v - 5. Is z(m) a composite number?
False
Let q(i) = 20*i + 130. Let g be q(-7). Let o(p) = -2*p**3 - 3*p**2 + 12*p - 81. Is o(g) a composite number?
False
Is 5324130/110 - (-2 - (-144)/66) prime?
False
Is (-12)/(-108) - 5272360/(-18) a prime number?
True
Suppose 0 = 18*c - 13*c + 3150. Let q = c + 879. Is q a composite number?
True
Let z be (42/(-5) + 8)*(-6714 - 1). Suppose -z = 10*g - 10896. Is g composite?
False
Let x be ((-56)/(-21))/((-3)/(-144)). Suppose -x*y = -126*y - 6054. Is y a prime number?
False
Suppose 0 = 23*k - 29*k + 4*r + 2343710, 1562462 = 4*k + 3*r. Is k a prime number?
False
Let j = -380 + -107. Let w = 736 + j. Is w composite?
True
Let x(j) be the third derivative of 0*j**4 + 19*j**2 + 7/6*j**3 - 1/60*j**5 + 0*j + 0 - 457/120*j**6. Is x(-2) prime?
True
Suppose 10*n - 4*n - 48 = 0. Suppose -8232 = -n*q + 9152. Is q composite?
True
Let m = 740531 + -108838. Is m a prime number?
False
Let v = -537 - -536. Let n(y) = -3047*y - 4. Is n(v) prime?
False
Let a(c) = 2*c**3 + c**2 - 10*c - 14. Let u(s) = -5*s**3 - 3*s**2 + 30*s + 41. Let b(r) = -8*a(r) - 3*u(r). Is b(-7) a composite number?
True
Let z be (-2)/((-1)/(-4)*-2). Let o = 290 - 276. Is z/o - 3385/(-35) a composite number?
False
Suppose 24575 + 17352 = y. Is y prime?
True
Suppose -22*f - 2*f - 24*f = -1934832. Is f a prime number?
False
Let s(a) = -10*a - 23. Let r be s(-7). Let h = r - 47. Suppose -2*n = -3*b + 1325, 4*b + n + n - 1776 = h. Is b composite?
False
Is (0 + 66758/(-6))/((-117)/351) prime?
False
Let h be (1/(-1) + 14)/((-5)/(-15)). Let r = -3 - h. Let c = r + 53. Is c composite?
False
Suppose 0 = -5*r + 9 + 1. Suppose -3 = 3*c, 10 = 4*p + 4*c - 2. Suppose -5*n - p*s + 3232 = 178, -r*n = -5*s - 1248. Is n a prime number?
False
Let j be (1 + (1891 - 4))/(-3 + 2). Let p = -813 - j. Let q = -440 + p. Is q a prime number?
False
Let j(a) = -10*a**3 - 18*a**2 + 22*a - 103. Is j(-16) composite?
False
Let r be (5/10)/(2/(-16)) + 9. Is (-10)/(-25) + 27768/r composite?
True
Let t(d) = -2040*d**2 + 6*d + 7. Let x(a) = -6115*a**2 + 18*a + 20. Let l(z) = -7*t(z) + 2*x(z). Is l(-2) composite?
True
Suppose 5500 - 199312 = -3*n. Suppose -16481 = -5*c + n. Is c composite?
False
Let q(i) = i**3 + 19*i**2 + i + 41. Let y be q(-19). Let o(d) = d**3 + 7*d**2 - 4*d + 2. Let x be o(3). Let l = x - y. Is l a prime number?
False
Suppose 18905225 = -154*g + 179*g. Is g composite?
True
Let f = 1152 - 458. Let y = -443 + f. Suppose x - 492 = y. Is x prime?
True
Let x = 10483 - 1146. Is x composite?
False
Let h(x) = -9*x + 5*x - 12 + 187*x**2 - 5*x - 185*x**2. Let q be h(5). Is -17*q/(-3)*-3 a composite number?
True
Let s = -1111566 + 2106037. Is s a prime number?
True
Suppose x - l + 5 = l, 0 = 3*x - 3*l + 9. Let g(b) = -1357*b + 10. Is g(x) composite?
False
Suppose -43*y + 32*y + 33 = 0. Suppose -y*k + 0*l + 813 = -4*l, 0 = -5*k - l + 1332. Is k composite?
True
Suppose 14*j = 253177 + 84097. Let r = -16518 + j. Is r prime?
True
Suppose 4*l - 4 = 3*r, -3*r - 5*l = -25 - 7. Let n be ((-8 - -4) + 2)/(-1 - 0). Suppose r*d + 2*x - 2149 = d, 8 = -n*x. Is d a prime number?
True
Let b(l) = -5*l**2 - 13*l + 17. Let o be b(-7). Let h = -130 - o. Is (3 - (1 + h))*-1511 prime?
False
Suppose -5*s = 5, 5*b - s = s + 22. Suppose -m - 3*d - 10 = 0, 3*m = -d + b - 2. Suppose -m*j + i = 3*j - 545, j - 109 = -i. Is j prime?
True
Let x = 54115 + 16042. Is x prime?
True
Let t be (-5 - (-1 + -1)) + -1. Is (-44)/((-16)/t)*(1 + -8) prime?
False
Let b = 342111 + -139850. Is b a composite number?
True
Let r(s) be the first derivative of -45*s**2/2 - 3*s - 5. Let i be r(1). Let l = 85 + i. Is l a prime number?
True
Let d(i) be the first derivative of 417*i**2 + 9*i - 10. Let a be d(4). Suppose 33*n - 28*n = a. Is n a composite number?
True
Let i(o) = -43*o**2 + 6*o - 27. Let p be i(9). Let b = p - -5953. Is b a prime number?
False
Let o(c) be the third derivative of c**6/120 - c**5/10 - 3*c**4/8 + 19*c**3/6 + 3*c**2 - 1. Is o(10) composite?
True
Let i = -4282 - 12452. Let p be (-3 - -6)/(1 + 16743/i). Let j = -3575 - p. Is j a composite number?
False
Let h(f) = -74*f - 4. Let o(v) = 146*v + 8. Let g(w) = -5*h(w) - 2*o(w). Is g(39) a prime number?
False
Suppose 0 = 4*l - j - 583, 4*l + 34 - 619 = -j. Suppose -l*k = -141*k - 8895. Is k prime?
False
Suppose 3*f + 24 = -4*k, -f + 5*f = -2*k - 12. Is 132 + (4/3)/((-8)/k) composite?
True
Suppose 9762064 - 297338 = 52*q - 2068770. Is q composite?
True
Suppose m - 5*m - 56924 = 0. Let x = 24492 + m. Is x prime?
False
Let u(w) be the second derivative of -91*w**5/10 + w**4/4 + 11*w**3/6 + 7*w**2/2 - w - 9. Is u(-4) composite?
True
Is (-606461)/(-3) + (-2560)/960 prime?
False
Let k = 117 - -434. Suppose 2*u + 4 = 3*u, -j = 4*u + k. Is (-12)/3 - j - (0 - -1) composite?
True
Let m = 99845 - 71286. Is m composite?
False
Suppose -m = 3*p - 6*m - 91, 0 = 5*p - 5*m - 165. Suppose -p*n - 15325 = -42*n. Is n prime?
False
Let f(s) be the first derivative of 4 + 50*s - 14*s**2 + 8 + 16*s**2 + 1751*s. Is f(0) composite?
False
Suppose -123 = -5*j - 3. Suppose 10*c - j = 2*c. Suppose 0 = -u + c*x + 644, -7*u + 2*u - x = -3172. Is u a composite number?
True
Let y(q) = 30*q - 136. Let g be y(-8). Let t be 0 